{"id":11039,"date":"2025-10-23T18:44:14","date_gmt":"2025-10-23T16:44:14","guid":{"rendered":"https:\/\/www.bdvlegal.com\/?post_type=team&#038;p=11039"},"modified":"2025-12-01T08:58:55","modified_gmt":"2025-12-01T07:58:55","slug":"vanja-kutica","status":"publish","type":"team","link":"https:\/\/www.bdvlegal.com\/hr\/nas-tim\/vanja-kutica\/","title":{"rendered":"Vanja Kutica"},"content":{"rendered":"\n<p class=\"uk-text-lead\">Kao voditeljica ureda s vi\u0161e od 20 godina iskustva, Vanja brine o nesmetanom odvijanju svakodnevnog poslovanja dru\u0161tva.<\/p>\n\n<p>Koordinira administrativne aktivnosti, upravlja uredskim resursima te provodi procedure koje unapre\u0111uju radne procese. Vanja pru\u017ea klju\u010dnu podr\u0161ku pravnim i administrativnim timovima, odr\u017eava odnose s vanjskim suradnicima te osigurava uskla\u0111enost s internim pravilima i politikama dru\u0161tva. <\/p>\n\n<p>Svojim pristupom doprinosi pozitivnom iskustvu klijenata i visokim standardima usluge koje dru\u0161tvo pru\u017ea.<br\/><\/p>\n","protected":false},"featured_media":0,"template":"","meta":{"_acf_changed":true},"categories":[],"tags":[],"admin_cats":[],"class_list":["post-11039","team","type-team","status-publish","hentry"],"acf":[],"_links":{"self":[{"href":"https:\/\/www.bdvlegal.com\/hr\/wp-json\/wp\/v2\/team\/11039","targetHints":{"allow":["GET"]}}],"collection":[{"href":"https:\/\/www.bdvlegal.com\/hr\/wp-json\/wp\/v2\/team"}],"about":[{"href":"https:\/\/www.bdvlegal.com\/hr\/wp-json\/wp\/v2\/types\/team"}],"wp:attachment":[{"href":"https:\/\/www.bdvlegal.com\/hr\/wp-json\/wp\/v2\/media?parent=11039"}],"wp:term":[{"taxonomy":"category","embeddable":true,"href":"https:\/\/www.bdvlegal.com\/hr\/wp-json\/wp\/v2\/categories?post=11039"},{"taxonomy":"post_tag","embeddable":true,"href":"https:\/\/www.bdvlegal.com\/hr\/wp-json\/wp\/v2\/tags?post=11039"},{"taxonomy":"admin_cat","embeddable":true,"href":"https:\/\/www.bdvlegal.com\/hr\/wp-json\/wp\/v2\/admin_cats?post=11039"}],"curies":[{"name":"wp","href":"https:\/\/api.w.org\/{rel}","templated":true}]}}

<p class="uk-text-lead">Kao voditeljica ureda s više od 20 godina iskustva, Vanja brine o nesmetanom odvijanju svakodnevnog poslovanja društva.</p>

<p>Koordinira administrativne aktivnosti, upravlja uredskim resursima te provodi procedure koje unapređuju radne procese. Vanja pruža ključnu podršku pravnim i administrativnim timovima, održava odnose s vanjskim suradnicima te osigurava usklađenost s internim pravilima i politikama društva. </p>

<p>Svojim pristupom doprinosi pozitivnom iskustvu klijenata i visokim standardima usluge koje društvo pruža.<br/></p>
